Suppose 2*k + r - 3859 = 13688, -3*k + 4*r = -26326. What are the prime factors of k?
2, 41, 107
Suppose -3*r - 4*p - 14 + 104 = 0, 5*r = -2*p + 164. Let u(l) = 54*l**2 - l - 1. Let x be u(-1). Let h = x + r. What are the prime factors of h?
2, 11
Suppose 895*o = 879*o + 232768. List the prime factors of o.
2, 3637
Let v(j) = 4162*j**2 + 565*j - 1132. What are the prime factors of v(2)?
2, 7, 29, 41
Let f = -306 - 800. Let x = f - -1868. What are the prime factors of x?
2, 3, 127
Let g(x) = 7*x**2 - 41*x - 1154. What are the prime factors of g(-61)?
2, 13697
Suppose -i = q - 15579, -12*i - 46761 = -15*i + q. What are the prime factors of i?
3, 5, 1039
Let w(s) = 160*s**2 - 851*s - 1. List the prime factors of w(-3).
2, 499
Let q(j) = 144*j**3 - j**2 + j + 1. Let x be q(-1). Let i = 206 + x. List the prime factors of i.
61
Suppose 0 = 5*k - 2*v - 82627, 3*v = 20*k - 19*k - 16541. What are the prime factors of k?
13, 31, 41
Let c = -57049 - -80156. What are the prime factors of c?
7, 3301
Let w(l) be the third derivative of -l**4/2 + 13*l**3/6 - 11*l**2. Let a be w(-3). What are the prime factors of 10 + -10 - a/(-1)?
7
Suppose -3672 = -2*t + 3*d + 6651, -5*t + 25769 = -2*d. List the prime factors of t.
3, 17, 101
Let r(a) be the second derivative of 19*a**4/12 - 10*a**2 - 7*a. Let y be r(-5). Suppose -11*v + y = 2*v. List the prime factors of v.
5, 7
Suppose 18*h - 3*t - 25598 = 13*h, 3*h + 4*t - 15382 = 0. List the prime factors of h.
2, 13, 197
Let x = -123 + 207. Suppose 4*h - x = 100. Suppose 0 = 3*v + v + 3*t - h, 60 = 4*v - 4*t. What are the prime factors of v?
13
Let q be (-4 - 22*3/(-12))*1214. Let f = q + -1069. Suppose f + 1540 = 12*b. List the prime factors of b.
191
Let q(m) = -m**3 + 17*m**2 - 16*m - 3. Let k be q(16). List the prime factors of 12/k + (-8)/(32/(-2580)).
641
Suppose 12*f - 6*f - 28641 = -a, -5*a = -15. What are the prime factors of f?
3, 37, 43
Let m(l) = 8521*l**2 + 2*l + 1. Let c be m(-1). Let i be ((-6)/5)/((-18)/c). Suppose i + 82 = 10*p. List the prime factors of p.
5, 13
Suppose 8377 = n + 3955. What are the prime factors of n?
2, 3, 11, 67
Suppose -48*o + 15345 = 2*n - 49*o, 15354 = 2*n + 2*o. List the prime factors of n.
2, 3, 1279
Suppose p = -l - 708, 0 = 4*p - 9*p + l - 3534. Let j = p - -1200. What are the prime factors of j?
17, 29
Suppose 19*k = 5 + 90. Let m(c) = 7*c - 1. Let w be m(4). Suppose -k*h + 33 = -w. What are the prime factors of h?
2, 3
Suppose 0 = -22*m + 18*m - 2*g + 36766, 5*g = -m + 9187. List the prime factors of m.
2, 3, 383
Suppose 7*y = 4*y + 2541. Let s(v) = 28*v**2 + 24*v + 13. Let m be s(-5). Let h = y - m. List the prime factors of h.
2, 127
Suppose 0 = -16*n + 15*n + 5. Suppose j = -n*j + 126. What are the prime factors of j?
3, 7
Let c(w) = w - 8. Let g be c(6). Let o(d) = -4*d - 183*d**3 - d**2 + 3*d + 179*d**3 - 1 + 0*d - 3. What are the prime factors of o(g)?
2, 13
Let r be (12/(-2) + 1)/(12/(-84)). Let q(m) = 11*m + 30. List the prime factors of q(r).
5, 83
Suppose 3*z = -j + 63476, 315*z + 21154 = 316*z - 2*j. List the prime factors of z.
2, 71, 149
Let v be (-2)/4*-1*14. Suppose -v*a + 1664 = 19*a. What are the prime factors of a?
2
Let w = -1328 - -1338. Suppose 9 = -4*s + c, 5*s = c - 5*c - 6. List the prime factors of (w + 6 - s)*4/3.
2, 3
Suppose 2*b = 19*g - 20*g, 0 = 5*b + 4*g + 6. Suppose -3063 = -4*l - 3*s, -b*l - 7*s + 1539 = -4*s. List the prime factors of l.
2, 3, 127
Suppose 22 = -14*z + 25*z. Suppose 3*x - 4*s - 744 = 422, z*x = 5*s + 768. List the prime factors of x.
2, 197
Let h(p) = -p**3 + 5*p**2 - 4*p + 20. Let i be h(5). List the prime factors of (-23946)/104*(i + 24/(-9)).
2, 307
Suppose -9 = 40*n - 43*n. Suppose n*i - 72 = -33*i. List the prime factors of i.
2
Suppose 3*s - 4*i = -4054, -s - 4*i = 3*s + 5452. Let y = -949 - s. List the prime factors of y.
409
Suppose -2*x + 9 - 1 = 0. Suppose -5*k + 6*p + 4249 = 2*p, -x*k + 3*p = -3399. List the prime factors of k.
3, 283
Suppose 4*l + 1725 = -5*b - 335, -3*l - 1564 = -b. Let u = 896 + l. List the prime factors of u.
2, 47
Suppose -7*t = -23735 - 51620. List the prime factors of t.
5, 2153
Suppose 476280 = 22*u + 2*u. List the prime factors of u.
3, 5, 7
Suppose -3*d + 14787 = -5*s, 5*d = -3*s + 20518 + 4161. List the prime factors of d.
2, 2467
Let u be (-8096)/(-161) + (-4)/14. Let i = u - 47. Suppose 0 = -3*p + 3*q + 75, -i*q + 2 - 8 = 0. List the prime factors of p.
23
Let v = -3626 - -3729. What are the prime factors of v?
103
Let n be ((-44)/6)/(-5*(-8)/60). Let j = n - -26. Suppose -j*o + 2*o = -1014. List the prime factors of o.
2, 3, 13
Let g(w) = -w**2 + 10*w + 10. Let z be g(10). List the prime factors of (-1)/(-6 + z - 253/63).
3, 7
Let s be 4/6 + 2/6*-8. Let j be 0 - (-1)/2 - 5/s. Suppose -56 = -4*p - j*p. List the prime factors of p.
2
Suppose -u - u + 28 = -3*p, 4*u = p + 36. Suppose -u*k - 568 = -1552. List the prime factors of k.
3, 41
Let w be (-144)/(-198)*(-22)/(-4). Suppose -4*r + 3231 = 5*f, 2*f - 6*f = w*r - 2588. List the prime factors of f.
643
Let o be 2 + 1/((-1)/(-1)). Let h(r) = 39*r + 12 + 6 - 4 - 2. What are the prime factors of h(o)?
3, 43
Suppose -81 + 21 = -4*s. Suppose h - 5*n = 163, 20 = n + s. What are the prime factors of h?
2, 47
What are the prime factors of (1/4)/((-65)/(-6196580))?
23833
Suppose 0*j - 4*f - 626 = 3*j, 0 = -2*j + 5*f - 379. List the prime factors of (-10*j/8)/(1/2).
5, 101
Let p = 47 + -43. Suppose 3*s - p = -q - q, -4*s = 0. Suppose 3*n + q*z = 222, -9*n = -10*n + 5*z + 57. List the prime factors of n.
2, 3
Suppose 4*b + b + 20 = 0. Let a(n) = -n - 4. Let v be a(b). Suppose v = i - 4*i + 141. List the prime factors of i.
47
Suppose 4*c + 6 = y + 5*c, -4*y + 25 = 3*c. List the prime factors of 4053/(1 - -6) - y.
2, 11, 13
Suppose -g + 6*g - 200 = 5*k, 0 = 5*k - 2*g + 209. Let i(n) = -n**3 - 5*n**2 + 6*n + 4. Let s be i(-6). Let v = s - k. List the prime factors of v.
47
Let f = -32043 - -68456. What are the prime factors of f?
13, 2801
Let a(w) = w**2 - 9*w - 82. Let f be a(15). Suppose -c + f*q + 598 = 5*q, 2 = -q. List the prime factors of c.
2, 37
Let q(g) = 2*g + 8. Let k(j) = -2. Let b(w) = 10*k(w) + q(w). Let f be b(4). What are the prime factors of (52/12 + f)*348?
2, 29
Suppose -7*k = -0*k - 14. What are the prime factors of (102/(-15))/(k/255*-3)?
17
Suppose -4*t = 8, -3*t - 30413 = -v + 6953. List the prime factors of v.
2, 5, 467
Suppose 14*j - 5910 = -j. Suppose -l - 3*q + j + 477 = 0, -2*l = -4*q - 1742. What are the prime factors of l?
13, 67
Suppose 0 = -2*n + 8, 0*m = 4*m - n - 636. Let g = m + -93. List the prime factors of g.
67
List the prime factors of (5 - 3)/(8/((-115264)/(-4))).
2, 1801
Suppose 19*n - 249880 = 7798. List the prime factors of n/12 - (-65)/78.
3, 13, 29
Let x = 1236 - 672. Suppose 0 = 4*l - 2*l - x. Suppose d - 58 = -z, -2*d - 3*d - z = -l. What are the prime factors of d?
2, 7
Let p be (-20)/(-6)*(-3)/2 - -5. Suppose -6*k + 2*o + 619 = -5*k, 5*k + 3*o - 3108 = p. What are the prime factors of k?
3, 23
Let g(a) = -124*a - 108. List the prime factors of g(-38).
2, 1151
Suppose m - w = -m - 135, 2*m - 4*w = -120. Suppose 1488 = -8*a + 20*a. Let c = a + m. List the prime factors of c.
2, 3
Let x be (-5 - 14/(-2)) + 246. Suppose -m + 14 + x = -4*n, 0 = m - 5*n - 267. What are the prime factors of m?
2, 11
Let v be 1*(-4)/12*-3*7. Let c(x) = x**2 + 7*x - 8. Let w be c(-6). List the prime factors of (-105)/(-2) - v/w.
53
Let f = 190466 + -123452. List the prime factors of f.
2, 3, 17, 73
Let o = -980 + 995. Let a(k) = -k**3 + k**2 - k + 450. Let h be a(0). Suppose o*m = 10*m + h. List the prime factors of m.
2, 3, 5
List the prime factors of (-1 + -1)*90/72*(-6439 - 1).
2, 5, 7, 23
Suppose -5*z - 10*n + 27385 = -5*n, -5*z = -5*n - 27365. What are the prime factors of z?
3, 5, 73
Suppose -2 = -0*k - 2*k. Let u be k + (-129)/(-27) - 4/(-18). Suppose u - 210 = -3*z. What are the prime factors of z?
2, 17
Let o(p) be the first derivative of 15*p**3 + 4*p**2 + 20*p + 250. List the prime factors of o(-6).
2, 199
List the prime factors of (-48398)/(-49) - (-6)/21.
2, 13, 19
Let n(l) = 5*l**3 - 10*l**3 + 85 - 26*l - 2*l**2 - 2*l**2 + 6*l**3 + 8*l**2. What are the prime factors of n(8)?
3, 5, 43
Let q(o) be the firs